{"id":68,"date":"2026-04-24T07:26:29","date_gmt":"2026-04-24T07:26:29","guid":{"rendered":"https:\/\/serwer438432.lh.pl\/autoinstalator\/serwer438432.lh.pl\/aiwordpress6199\/galeria\/"},"modified":"2026-04-24T07:26:29","modified_gmt":"2026-04-24T07:26:29","slug":"galeria","status":"publish","type":"page","link":"https:\/\/natmartls.com.pl\/?page_id=68","title":{"rendered":"Galeria"},"content":{"rendered":"\n<div class=\"wp-block-group alignfull is-style-ext-preset--group--natural-1--section has-background-background-color has-background has-global-padding is-layout-constrained wp-container-core-group-is-layout-f72f1611 wp-block-group-is-layout-constrained\" id=\"galeria\" style=\"margin-top:0;margin-bottom:0;padding-top:var(--wp--preset--spacing--70);padding-bottom:var(--wp--preset--spacing--70)\">\n<div class=\"wp-block-group alignwide ext-is-logical-start has-global-padding is-content-justification-left is-layout-constrained wp-container-core-group-is-layout-6729bdbe wp-block-group-is-layout-constrained\">\n<h2 class=\"wp-block-heading ext-animate--on\">Zapewniamy niezawodny transport produkt\u00f3w w idealnych warunkach<\/h2>\n\n\n\n<p class=\"has-text-align-left ext-animate--on\">Tutaj znajdziesz wyselekcjonowan\u0105 galeri\u0119 zdj\u0119\u0107 pokazuj\u0105cych nasz\u0105 jako\u015b\u0107 i profesjonalizm<\/p>\n<\/div>\n\n\n\n<div class=\"wp-block-columns alignwide are-vertically-aligned-top is-layout-flex wp-container-core-columns-is-layout-87beb0d0 wp-block-columns-is-layout-flex\">\n<div class=\"wp-block-column is-vertically-aligned-top ext-animate--on is-layout-flow wp-container-core-column-is-layout-f5bb311e wp-block-column-is-layout-flow\">\n<figure class=\"wp-block-image size-large is-style-ext-preset--image--natural-1--image-1--content-top\"><img decoding=\"async\" src=\"http:\/\/serwer438432.lh.pl\/autoinstalator\/serwer438432.lh.pl\/aiwordpress6199\/wp-content\/uploads\/2026\/04\/IMG-20250220-WA0005-576x1024.jpeg\" alt=\"\" class=\"wp-image-170\" style=\"aspect-ratio:1;object-fit:cover\"\/><\/figure>\n\n\n\n<figure class=\"wp-block-image size-full is-style-ext-preset--image--natural-1--image-1--content-top\"><img decoding=\"async\" src=\"https:\/\/natmartls.com.pl\/wp-content\/uploads\/2026\/04\/IMG_1183.jpg\" alt=\"\" class=\"wp-image-172\" style=\"aspect-ratio:1;object-fit:cover\"\/><\/figure>\n<\/div>\n\n\n\n<div class=\"wp-block-column is-vertically-aligned-top ext-animate--on is-layout-flow wp-container-core-column-is-layout-f5bb311e wp-block-column-is-layout-flow\">\n<figure class=\"wp-block-image size-large is-style-ext-preset--image--natural-1--image-1--content-top\"><img decoding=\"async\" src=\"https:\/\/natmartls.com.pl\/wp-content\/uploads\/2026\/04\/iveco_sway_my2024_natmar_4-1024x683.webp\" alt=\"\" class=\"wp-image-168\" style=\"aspect-ratio:1;object-fit:cover\"\/><\/figure>\n\n\n\n<figure class=\"wp-block-image size-large is-style-ext-preset--image--natural-1--image-1--content-top\"><img decoding=\"async\" src=\"http:\/\/serwer438432.lh.pl\/autoinstalator\/serwer438432.lh.pl\/aiwordpress6199\/wp-content\/uploads\/2026\/04\/daf2-1024x768.jpg\" alt=\"\" class=\"wp-image-111\" style=\"aspect-ratio:1;object-fit:cover\"\/><\/figure>\n<\/div>\n\n\n\n<div class=\"wp-block-column is-vertically-aligned-top ext-animate--on is-layout-flow wp-container-core-column-is-layout-f5bb311e wp-block-column-is-layout-flow\">\n<figure class=\"wp-block-image size-large is-style-ext-preset--image--natural-1--image-1--content-top\"><img decoding=\"async\" src=\"http:\/\/serwer438432.lh.pl\/autoinstalator\/serwer438432.lh.pl\/aiwordpress6199\/wp-content\/uploads\/2026\/04\/DSC_1514-1024x768.jpg\" alt=\"\" class=\"wp-image-141\" style=\"aspect-ratio:1;object-fit:cover\"\/><\/figure>\n\n\n\n<figure class=\"wp-block-image size-large is-style-ext-preset--image--natural-1--image-1--content-top\"><img decoding=\"async\" src=\"http:\/\/serwer438432.lh.pl\/autoinstalator\/serwer438432.lh.pl\/aiwordpress6199\/wp-content\/uploads\/2026\/04\/20181005_132933-1024x768.jpg\" alt=\"\" class=\"wp-image-167\" style=\"aspect-ratio:1;object-fit:cover\"\/><figcaption class=\"wp-element-caption\">FM0   FC000010011<\/figcaption><\/figure>\n<\/div>\n\n\n\n<div class=\"wp-block-column is-vertically-aligned-top ext-animate--on is-layout-flow wp-container-core-column-is-layout-f5bb311e wp-block-column-is-layout-flow\">\n<figure class=\"wp-block-image size-large is-style-ext-preset--image--natural-1--image-1--content-top\"><img decoding=\"async\" src=\"http:\/\/serwer438432.lh.pl\/autoinstalator\/serwer438432.lh.pl\/aiwordpress6199\/wp-content\/uploads\/2026\/04\/DSC_0319-1024x768.jpg\" alt=\"\" class=\"wp-image-128\" style=\"aspect-ratio:1;object-fit:cover\"\/><\/figure>\n\n\n\n<figure class=\"wp-block-image size-large is-style-ext-preset--image--natural-1--image-1--content-top\"><img decoding=\"async\" src=\"https:\/\/natmartls.com.pl\/wp-content\/uploads\/2026\/04\/IMG-20250224-WA0012-768x1024.jpg\" alt=\"\" class=\"wp-image-169\" style=\"aspect-ratio:1;object-fit:cover\"\/><\/figure>\n<\/div>\n<\/div>\n<\/div>\n\n\n\n<div class=\"wp-block-group alignfull is-style-ext-preset--group--natural-1--section ext-animate--on has-tertiary-background-color has-background has-global-padding is-layout-constrained wp-block-group-is-layout-constrained\" id=\"kontakt\" style=\"margin-top:0;margin-bottom:0;padding-top:var(--wp--preset--spacing--70);padding-bottom:var(--wp--preset--spacing--70)\">\n<div class=\"wp-block-media-text alignwide is-stacked-on-mobile is-image-fill-element is-style-ext-preset--media-text--natural-1--card-1 ext-animate--on has-background-background-color has-background\" style=\"grid-template-columns:48% auto\"><figure class=\"wp-block-media-text__media\"><img loading=\"lazy\" decoding=\"async\" width=\"1440\" height=\"958\" src=\"https:\/\/natmartls.com.pl\/wp-content\/uploads\/2026\/04\/59615c5ac67db5aa42ae30754778536c736d71c7.jpg\" alt=\"\" class=\"wp-image-88 size-full\" style=\"object-position:50% 50%\" srcset=\"https:\/\/natmartls.com.pl\/wp-content\/uploads\/2026\/04\/59615c5ac67db5aa42ae30754778536c736d71c7.jpg 1440w, https:\/\/natmartls.com.pl\/wp-content\/uploads\/2026\/04\/59615c5ac67db5aa42ae30754778536c736d71c7-300x200.jpg 300w, https:\/\/natmartls.com.pl\/wp-content\/uploads\/2026\/04\/59615c5ac67db5aa42ae30754778536c736d71c7-1024x681.jpg 1024w, https:\/\/natmartls.com.pl\/wp-content\/uploads\/2026\/04\/59615c5ac67db5aa42ae30754778536c736d71c7-768x511.jpg 768w\" sizes=\"auto, (max-width: 1440px) 100vw, 1440px\" \/><\/figure><div class=\"wp-block-media-text__content\">\n<div class=\"wp-block-group alignwide ext-animate--on has-global-padding is-layout-constrained wp-container-core-group-is-layout-48493932 wp-block-group-is-layout-constrained\" style=\"padding-top:var(--wp--preset--spacing--55);padding-right:var(--wp--preset--spacing--55);padding-bottom:var(--wp--preset--spacing--55);padding-left:var(--wp--preset--spacing--55)\"><style id=\"wpforms-css-vars-11-block-406c62bf-d413-4f54-9e34-6ea96a36e1dd\">\n\t\t\t\t#wpforms-11.wpforms-block-406c62bf-d413-4f54-9e34-6ea96a36e1dd {\n\t\t\t\t--wpforms-field-size-input-height: 43px;\n--wpforms-field-size-input-spacing: 15px;\n--wpforms-field-size-font-size: 16px;\n--wpforms-field-size-line-height: 19px;\n--wpforms-field-size-padding-h: 14px;\n--wpforms-field-size-checkbox-size: 16px;\n--wpforms-field-size-sublabel-spacing: 5px;\n--wpforms-field-size-icon-size: 1;\n--wpforms-label-size-font-size: 16px;\n--wpforms-label-size-line-height: 19px;\n--wpforms-label-size-sublabel-font-size: 14px;\n--wpforms-label-size-sublabel-line-height: 17px;\n--wpforms-button-size-font-size: 17px;\n--wpforms-button-size-height: 41px;\n--wpforms-button-size-padding-h: 15px;\n--wpforms-button-size-margin-top: 10px;\n\t\t\t}\n\t\t\t<\/style><\/div>\n<\/div><\/div>\n<\/div>\n","protected":false},"excerpt":{"rendered":"<p>Zapewniamy niezawodny transport produkt\u00f3w w idealnych warunkach Tutaj znajdziesz wyselekcjonowan\u0105 galeri\u0119 zdj\u0119\u0107 pokazuj\u0105cych nasz\u0105 jako\u015b\u0107 i profesjonalizm<\/p>\n","protected":false},"author":1,"featured_media":0,"parent":0,"menu_order":0,"comment_status":"closed","ping_status":"closed","template":"page-with-title","meta":{"footnotes":""},"class_list":["post-68","page","type-page","status-publish","hentry"],"_links":{"self":[{"href":"https:\/\/natmartls.com.pl\/index.php?rest_route=\/wp\/v2\/pages\/68","targetHints":{"allow":["GET"]}}],"collection":[{"href":"https:\/\/natmartls.com.pl\/index.php?rest_route=\/wp\/v2\/pages"}],"about":[{"href":"https:\/\/natmartls.com.pl\/index.php?rest_route=\/wp\/v2\/types\/page"}],"author":[{"embeddable":true,"href":"https:\/\/natmartls.com.pl\/index.php?rest_route=\/wp\/v2\/users\/1"}],"replies":[{"embeddable":true,"href":"https:\/\/natmartls.com.pl\/index.php?rest_route=%2Fwp%2Fv2%2Fcomments&post=68"}],"version-history":[{"count":0,"href":"https:\/\/natmartls.com.pl\/index.php?rest_route=\/wp\/v2\/pages\/68\/revisions"}],"wp:attachment":[{"href":"https:\/\/natmartls.com.pl\/index.php?rest_route=%2Fwp%2Fv2%2Fmedia&parent=68"}],"curies":[{"name":"wp","href":"https:\/\/api.w.org\/{rel}","templated":true}]}}