{"id":69,"date":"2026-04-24T07:26:29","date_gmt":"2026-04-24T07:26:29","guid":{"rendered":"https:\/\/serwer438432.lh.pl\/autoinstalator\/serwer438432.lh.pl\/aiwordpress6199\/uslugi\/"},"modified":"2026-04-24T09:04:39","modified_gmt":"2026-04-24T09:04:39","slug":"uslugi","status":"publish","type":"page","link":"https:\/\/natmartls.com.pl\/?page_id=69","title":{"rendered":"Us\u0142ugi"},"content":{"rendered":"\n<div class=\"wp-block-group alignfull is-style-ext-preset--group--natural-1--section has-background-background-color has-background has-global-padding is-layout-constrained wp-container-core-group-is-layout-e955bbaf wp-block-group-is-layout-constrained\" id=\"uslugi\" style=\"margin-top:0;margin-bottom:0;padding-top:var(--wp--preset--spacing--70);padding-bottom:var(--wp--preset--spacing--70)\">\n<div class=\"wp-block-group alignwide ext-is-logical-start has-global-padding is-content-justification-left is-layout-constrained wp-container-core-group-is-layout-6729bdbe wp-block-group-is-layout-constrained\">\n<h2 class=\"wp-block-heading ext-animate--on\">Specjalizujemy si\u0119 w transporcie ch\u0142odniczym oraz plandekowym<\/h2>\n\n\n\n<p class=\"has-text-align-left ext-animate--on\">Prezentujemy szeroki wachlarz us\u0142ug logistycznych, skupiaj\u0105c si\u0119 na profesjonalizmie i pe\u0142nej satysfakcji klienta.<\/p>\n<\/div>\n\n\n\n<div class=\"wp-block-columns alignwide is-layout-flex wp-container-core-columns-is-layout-08c01c1c wp-block-columns-is-layout-flex\">\n<div class=\"wp-block-column is-vertically-aligned-stretch ext-animate--on is-layout-flow wp-container-core-column-is-layout-119bc444 wp-block-column-is-layout-flow\">\n<div class=\"wp-block-media-text is-stacked-on-mobile is-image-fill-element is-style-ext-preset--media-text--natural-1--card-1 has-tertiary-background-color has-background\"><figure class=\"wp-block-media-text__media\"><img loading=\"lazy\" decoding=\"async\" width=\"1024\" height=\"576\" src=\"https:\/\/natmartls.com.pl\/wp-content\/uploads\/2026\/04\/DSC_0708-scaled-1-1024x576.jpg\" alt=\"\" class=\"wp-image-132 size-full\" style=\"object-position:50% 50%\" srcset=\"https:\/\/natmartls.com.pl\/wp-content\/uploads\/2026\/04\/DSC_0708-scaled-1-1024x576.jpg 1024w, https:\/\/natmartls.com.pl\/wp-content\/uploads\/2026\/04\/DSC_0708-scaled-1-300x169.jpg 300w, https:\/\/natmartls.com.pl\/wp-content\/uploads\/2026\/04\/DSC_0708-scaled-1-768x432.jpg 768w, https:\/\/natmartls.com.pl\/wp-content\/uploads\/2026\/04\/DSC_0708-scaled-1-1536x864.jpg 1536w, https:\/\/natmartls.com.pl\/wp-content\/uploads\/2026\/04\/DSC_0708-scaled-1-2048x1152.jpg 2048w\" sizes=\"auto, (max-width: 1024px) 100vw, 1024px\" \/><\/figure><div class=\"wp-block-media-text__content\">\n<div class=\"wp-block-group is-style-default has-global-padding is-layout-constrained wp-container-core-group-is-layout-9a7b35d3 wp-block-group-is-layout-constrained\" style=\"padding-top:var(--wp--preset--spacing--40);padding-right:var(--wp--preset--spacing--30);padding-bottom:var(--wp--preset--spacing--40);padding-left:var(--wp--preset--spacing--30)\">\n<h3 class=\"wp-block-heading\" style=\"font-size:clamp(15.747px, 0.984rem + ((1vw - 3.2px) * 0.809), 24px);\">Transport Ch\u0142odniczy<\/h3>\n\n\n\n<p class=\"has-small-font-size\">Zapewniamy bezpieczny i szybki przew\u00f3z towar\u00f3w wymagaj\u0105cych kontrolowanej temperatury.<\/p>\n<\/div>\n<\/div><\/div>\n<\/div>\n\n\n\n<div class=\"wp-block-column is-vertically-aligned-stretch ext-animate--on is-layout-flow wp-container-core-column-is-layout-119bc444 wp-block-column-is-layout-flow\">\n<div class=\"wp-block-media-text is-stacked-on-mobile is-image-fill-element is-style-ext-preset--media-text--natural-1--card-1 has-tertiary-background-color has-background\"><figure class=\"wp-block-media-text__media\"><img loading=\"lazy\" decoding=\"async\" width=\"1024\" height=\"768\" src=\"https:\/\/natmartls.com.pl\/wp-content\/uploads\/2026\/04\/20181005_132933-scaled-1-1024x768.jpg\" alt=\"\" class=\"wp-image-169 size-full\" style=\"object-position:50% 50%\" srcset=\"https:\/\/natmartls.com.pl\/wp-content\/uploads\/2026\/04\/20181005_132933-scaled-1-1024x768.jpg 1024w, https:\/\/natmartls.com.pl\/wp-content\/uploads\/2026\/04\/20181005_132933-scaled-1-300x225.jpg 300w, https:\/\/natmartls.com.pl\/wp-content\/uploads\/2026\/04\/20181005_132933-scaled-1-768x576.jpg 768w, https:\/\/natmartls.com.pl\/wp-content\/uploads\/2026\/04\/20181005_132933-scaled-1-1536x1152.jpg 1536w, https:\/\/natmartls.com.pl\/wp-content\/uploads\/2026\/04\/20181005_132933-scaled-1-2048x1536.jpg 2048w\" sizes=\"auto, (max-width: 1024px) 100vw, 1024px\" \/><\/figure><div class=\"wp-block-media-text__content\">\n<div class=\"wp-block-group is-style-default has-global-padding is-layout-constrained wp-container-core-group-is-layout-9a7b35d3 wp-block-group-is-layout-constrained\" style=\"padding-top:var(--wp--preset--spacing--40);padding-right:var(--wp--preset--spacing--30);padding-bottom:var(--wp--preset--spacing--40);padding-left:var(--wp--preset--spacing--30)\">\n<h3 class=\"wp-block-heading\" style=\"font-size:clamp(15.747px, 0.984rem + ((1vw - 3.2px) * 0.809), 24px);\">Transport Plandekowy<\/h3>\n\n\n\n<p class=\"has-small-font-size\">Oferujemy elastyczne rozwi\u0105zania przewozowe dostosowane do r\u00f3\u017cnorodnych \u0142adunk\u00f3w.<\/p>\n<\/div>\n<\/div><\/div>\n<\/div>\n<\/div>\n\n\n\n<div class=\"wp-block-columns alignwide is-layout-flex wp-container-core-columns-is-layout-967d05ff wp-block-columns-is-layout-flex\" style=\"margin-top:var(--wp--preset--spacing--40)\">\n<div class=\"wp-block-column is-vertically-aligned-stretch ext-animate--on is-layout-flow wp-container-core-column-is-layout-119bc444 wp-block-column-is-layout-flow\">\n<div class=\"wp-block-media-text is-stacked-on-mobile is-image-fill-element is-style-ext-preset--media-text--natural-1--card-1 has-tertiary-background-color has-background\"><figure class=\"wp-block-media-text__media\"><img loading=\"lazy\" decoding=\"async\" width=\"1024\" height=\"766\" src=\"https:\/\/natmartls.com.pl\/wp-content\/uploads\/2026\/04\/IMG_20241213_143338-1024x766.jpg\" alt=\"\" class=\"wp-image-173 size-full\" style=\"object-position:50% 50%\" srcset=\"https:\/\/natmartls.com.pl\/wp-content\/uploads\/2026\/04\/IMG_20241213_143338-1024x766.jpg 1024w, https:\/\/natmartls.com.pl\/wp-content\/uploads\/2026\/04\/IMG_20241213_143338-300x224.jpg 300w, https:\/\/natmartls.com.pl\/wp-content\/uploads\/2026\/04\/IMG_20241213_143338-768x574.jpg 768w, https:\/\/natmartls.com.pl\/wp-content\/uploads\/2026\/04\/IMG_20241213_143338-1536x1149.jpg 1536w, https:\/\/natmartls.com.pl\/wp-content\/uploads\/2026\/04\/IMG_20241213_143338.jpg 1599w\" sizes=\"auto, (max-width: 1024px) 100vw, 1024px\" \/><\/figure><div class=\"wp-block-media-text__content\">\n<div class=\"wp-block-group is-style-default has-global-padding is-layout-constrained wp-container-core-group-is-layout-9a7b35d3 wp-block-group-is-layout-constrained\" style=\"padding-top:var(--wp--preset--spacing--40);padding-right:var(--wp--preset--spacing--30);padding-bottom:var(--wp--preset--spacing--40);padding-left:var(--wp--preset--spacing--30)\">\n<h3 class=\"wp-block-heading\" style=\"font-size:clamp(15.747px, 0.984rem + ((1vw - 3.2px) * 0.809), 24px);\">Obs\u0142uga Klienta<\/h3>\n\n\n\n<p class=\"has-small-font-size\">Gwarantujemy profesjonalne wsparcie oraz szybki kontakt na ka\u017cdym etapie wsp\u00f3\u0142pracy.<\/p>\n<\/div>\n<\/div><\/div>\n<\/div>\n\n\n\n<div class=\"wp-block-column is-vertically-aligned-stretch ext-animate--on is-layout-flow wp-container-core-column-is-layout-119bc444 wp-block-column-is-layout-flow\"><\/div>\n<\/div>\n<\/div>\n\n\n\n<div class=\"wp-block-group alignfull is-style-ext-preset--group--natural-1--section has-tertiary-background-color has-background has-global-padding is-layout-constrained wp-container-core-group-is-layout-f72f1611 wp-block-group-is-layout-constrained\" id=\"galeria\" style=\"margin-top:0;margin-bottom:0;padding-top:var(--wp--preset--spacing--70);padding-bottom:var(--wp--preset--spacing--70)\">\n<div class=\"wp-block-group alignwide ext-is-logical-start has-global-padding is-content-justification-left is-layout-constrained wp-container-core-group-is-layout-6729bdbe wp-block-group-is-layout-constrained\">\n<h2 class=\"wp-block-heading ext-animate--on\">Gwarantujemy terminowy i bezpieczny transport w kontrolowanej temperaturze<\/h2>\n\n\n\n<p class=\"has-text-align-left ext-animate--on\">Galeria zdj\u0119\u0107 przedstawia nasze nowoczesne pojazdy oraz skuteczne rozwi\u0105zania logistyczne<\/p>\n<\/div>\n\n\n\n<div class=\"wp-block-columns alignwide are-vertically-aligned-top is-layout-flex wp-container-core-columns-is-layout-87beb0d0 wp-block-columns-is-layout-flex\">\n<div class=\"wp-block-column is-vertically-aligned-top ext-animate--on is-layout-flow wp-container-core-column-is-layout-f5bb311e wp-block-column-is-layout-flow\">\n<figure class=\"wp-block-image size-large is-style-ext-preset--image--natural-1--image-1--content-top\"><img loading=\"lazy\" decoding=\"async\" width=\"1024\" height=\"467\" src=\"https:\/\/natmartls.com.pl\/wp-content\/uploads\/2026\/04\/dafy-z-lidla2-1024x467.jpg\" alt=\"\" class=\"wp-image-114\" style=\"aspect-ratio:1;object-fit:cover\" srcset=\"https:\/\/natmartls.com.pl\/wp-content\/uploads\/2026\/04\/dafy-z-lidla2-1024x467.jpg 1024w, https:\/\/natmartls.com.pl\/wp-content\/uploads\/2026\/04\/dafy-z-lidla2-300x137.jpg 300w, https:\/\/natmartls.com.pl\/wp-content\/uploads\/2026\/04\/dafy-z-lidla2-768x351.jpg 768w, https:\/\/natmartls.com.pl\/wp-content\/uploads\/2026\/04\/dafy-z-lidla2-1536x701.jpg 1536w, https:\/\/natmartls.com.pl\/wp-content\/uploads\/2026\/04\/dafy-z-lidla2.jpg 1803w\" sizes=\"auto, (max-width: 1024px) 100vw, 1024px\" \/><\/figure>\n\n\n\n<figure class=\"wp-block-image is-style-ext-preset--image--natural-1--image-1--content-top\"><img loading=\"lazy\" decoding=\"async\" width=\"960\" height=\"1440\" src=\"https:\/\/natmartls.com.pl\/wp-content\/uploads\/2026\/04\/3f725e2e5477a1ef5561a50e720fc10ab4071f37.jpg\" alt=\"\" class=\"wp-image-91\" style=\"aspect-ratio:1;object-fit:cover\" srcset=\"https:\/\/natmartls.com.pl\/wp-content\/uploads\/2026\/04\/3f725e2e5477a1ef5561a50e720fc10ab4071f37.jpg 960w, https:\/\/natmartls.com.pl\/wp-content\/uploads\/2026\/04\/3f725e2e5477a1ef5561a50e720fc10ab4071f37-200x300.jpg 200w, https:\/\/natmartls.com.pl\/wp-content\/uploads\/2026\/04\/3f725e2e5477a1ef5561a50e720fc10ab4071f37-683x1024.jpg 683w, https:\/\/natmartls.com.pl\/wp-content\/uploads\/2026\/04\/3f725e2e5477a1ef5561a50e720fc10ab4071f37-768x1152.jpg 768w\" sizes=\"auto, (max-width: 960px) 100vw, 960px\" \/><\/figure>\n<\/div>\n\n\n\n<div class=\"wp-block-column is-vertically-aligned-top ext-animate--on is-layout-flow wp-container-core-column-is-layout-f5bb311e wp-block-column-is-layout-flow\">\n<figure class=\"wp-block-image is-style-ext-preset--image--natural-1--image-1--content-top\"><img loading=\"lazy\" decoding=\"async\" width=\"1440\" height=\"959\" src=\"https:\/\/natmartls.com.pl\/wp-content\/uploads\/2026\/04\/2ef619c4aa0aa8ee3f1243c711865a2aae02e873.jpg\" alt=\"\" class=\"wp-image-81\" style=\"aspect-ratio:1;object-fit:cover\" srcset=\"https:\/\/natmartls.com.pl\/wp-content\/uploads\/2026\/04\/2ef619c4aa0aa8ee3f1243c711865a2aae02e873.jpg 1440w, https:\/\/natmartls.com.pl\/wp-content\/uploads\/2026\/04\/2ef619c4aa0aa8ee3f1243c711865a2aae02e873-300x200.jpg 300w, https:\/\/natmartls.com.pl\/wp-content\/uploads\/2026\/04\/2ef619c4aa0aa8ee3f1243c711865a2aae02e873-1024x682.jpg 1024w, https:\/\/natmartls.com.pl\/wp-content\/uploads\/2026\/04\/2ef619c4aa0aa8ee3f1243c711865a2aae02e873-768x511.jpg 768w\" sizes=\"auto, (max-width: 1440px) 100vw, 1440px\" \/><\/figure>\n\n\n\n<figure class=\"wp-block-image is-style-ext-preset--image--natural-1--image-1--content-top\"><img loading=\"lazy\" decoding=\"async\" width=\"1440\" height=\"939\" src=\"https:\/\/natmartls.com.pl\/wp-content\/uploads\/2026\/04\/7bdd4a8a972846064a65c5709f78cfc3fac22202.jpg\" alt=\"\" class=\"wp-image-92\" style=\"aspect-ratio:1;object-fit:cover\" srcset=\"https:\/\/natmartls.com.pl\/wp-content\/uploads\/2026\/04\/7bdd4a8a972846064a65c5709f78cfc3fac22202.jpg 1440w, https:\/\/natmartls.com.pl\/wp-content\/uploads\/2026\/04\/7bdd4a8a972846064a65c5709f78cfc3fac22202-300x196.jpg 300w, https:\/\/natmartls.com.pl\/wp-content\/uploads\/2026\/04\/7bdd4a8a972846064a65c5709f78cfc3fac22202-1024x668.jpg 1024w, https:\/\/natmartls.com.pl\/wp-content\/uploads\/2026\/04\/7bdd4a8a972846064a65c5709f78cfc3fac22202-768x501.jpg 768w\" sizes=\"auto, (max-width: 1440px) 100vw, 1440px\" \/><\/figure>\n<\/div>\n\n\n\n<div class=\"wp-block-column is-vertically-aligned-top ext-animate--on is-layout-flow wp-container-core-column-is-layout-f5bb311e wp-block-column-is-layout-flow\">\n<figure class=\"wp-block-image is-style-ext-preset--image--natural-1--image-1--content-top\"><img loading=\"lazy\" decoding=\"async\" width=\"1440\" height=\"1440\" src=\"https:\/\/natmartls.com.pl\/wp-content\/uploads\/2026\/04\/923e5d3456c2305996cdd32b21565a90b8f4c85b.jpg\" alt=\"\" class=\"wp-image-82\" style=\"aspect-ratio:1;object-fit:cover\" srcset=\"https:\/\/natmartls.com.pl\/wp-content\/uploads\/2026\/04\/923e5d3456c2305996cdd32b21565a90b8f4c85b.jpg 1440w, https:\/\/natmartls.com.pl\/wp-content\/uploads\/2026\/04\/923e5d3456c2305996cdd32b21565a90b8f4c85b-300x300.jpg 300w, https:\/\/natmartls.com.pl\/wp-content\/uploads\/2026\/04\/923e5d3456c2305996cdd32b21565a90b8f4c85b-1024x1024.jpg 1024w, https:\/\/natmartls.com.pl\/wp-content\/uploads\/2026\/04\/923e5d3456c2305996cdd32b21565a90b8f4c85b-150x150.jpg 150w, https:\/\/natmartls.com.pl\/wp-content\/uploads\/2026\/04\/923e5d3456c2305996cdd32b21565a90b8f4c85b-768x768.jpg 768w\" sizes=\"auto, (max-width: 1440px) 100vw, 1440px\" \/><\/figure>\n\n\n\n<figure class=\"wp-block-image is-style-ext-preset--image--natural-1--image-1--content-top\"><img loading=\"lazy\" decoding=\"async\" width=\"1440\" height=\"959\" src=\"https:\/\/natmartls.com.pl\/wp-content\/uploads\/2026\/04\/c6408eb21c26422f97c986c3454f93df965fef06.jpg\" alt=\"\" class=\"wp-image-83\" style=\"aspect-ratio:1;object-fit:cover\" srcset=\"https:\/\/natmartls.com.pl\/wp-content\/uploads\/2026\/04\/c6408eb21c26422f97c986c3454f93df965fef06.jpg 1440w, https:\/\/natmartls.com.pl\/wp-content\/uploads\/2026\/04\/c6408eb21c26422f97c986c3454f93df965fef06-300x200.jpg 300w, https:\/\/natmartls.com.pl\/wp-content\/uploads\/2026\/04\/c6408eb21c26422f97c986c3454f93df965fef06-1024x682.jpg 1024w, https:\/\/natmartls.com.pl\/wp-content\/uploads\/2026\/04\/c6408eb21c26422f97c986c3454f93df965fef06-768x511.jpg 768w\" sizes=\"auto, (max-width: 1440px) 100vw, 1440px\" \/><\/figure>\n<\/div>\n\n\n\n<div class=\"wp-block-column is-vertically-aligned-top ext-animate--on is-layout-flow wp-container-core-column-is-layout-f5bb311e wp-block-column-is-layout-flow\">\n<figure class=\"wp-block-image size-large is-style-ext-preset--image--natural-1--image-1--content-top\"><img loading=\"lazy\" decoding=\"async\" width=\"576\" height=\"1024\" src=\"https:\/\/natmartls.com.pl\/wp-content\/uploads\/2026\/04\/IMG-20250220-WA0005-scaled-1-576x1024.jpeg\" alt=\"\" class=\"wp-image-172\" style=\"aspect-ratio:1;object-fit:cover\" srcset=\"https:\/\/natmartls.com.pl\/wp-content\/uploads\/2026\/04\/IMG-20250220-WA0005-scaled-1-576x1024.jpeg 576w, https:\/\/natmartls.com.pl\/wp-content\/uploads\/2026\/04\/IMG-20250220-WA0005-scaled-1-169x300.jpeg 169w, https:\/\/natmartls.com.pl\/wp-content\/uploads\/2026\/04\/IMG-20250220-WA0005-scaled-1-768x1365.jpeg 768w, https:\/\/natmartls.com.pl\/wp-content\/uploads\/2026\/04\/IMG-20250220-WA0005-scaled-1-864x1536.jpeg 864w, https:\/\/natmartls.com.pl\/wp-content\/uploads\/2026\/04\/IMG-20250220-WA0005-scaled-1-1152x2048.jpeg 1152w, https:\/\/natmartls.com.pl\/wp-content\/uploads\/2026\/04\/IMG-20250220-WA0005-scaled-1.jpeg 1440w\" sizes=\"auto, (max-width: 576px) 100vw, 576px\" \/><\/figure>\n\n\n\n<figure class=\"wp-block-image size-large is-style-ext-preset--image--natural-1--image-1--content-top\"><img loading=\"lazy\" decoding=\"async\" width=\"1024\" height=\"768\" src=\"https:\/\/natmartls.com.pl\/wp-content\/uploads\/2026\/04\/DSC_0177-scaled-1-1024x768.jpg\" alt=\"\" class=\"wp-image-120\" style=\"aspect-ratio:1;object-fit:cover\" srcset=\"https:\/\/natmartls.com.pl\/wp-content\/uploads\/2026\/04\/DSC_0177-scaled-1-1024x768.jpg 1024w, https:\/\/natmartls.com.pl\/wp-content\/uploads\/2026\/04\/DSC_0177-scaled-1-300x225.jpg 300w, https:\/\/natmartls.com.pl\/wp-content\/uploads\/2026\/04\/DSC_0177-scaled-1-768x576.jpg 768w, https:\/\/natmartls.com.pl\/wp-content\/uploads\/2026\/04\/DSC_0177-scaled-1-1536x1152.jpg 1536w, https:\/\/natmartls.com.pl\/wp-content\/uploads\/2026\/04\/DSC_0177-scaled-1-2048x1536.jpg 2048w\" sizes=\"auto, (max-width: 1024px) 100vw, 1024px\" \/><\/figure>\n<\/div>\n<\/div>\n<\/div>\n\n\n\n<div class=\"wp-block-group alignfull is-style-ext-preset--group--natural-1--section ext-animate--on has-background-background-color has-background has-global-padding is-layout-constrained wp-block-group-is-layout-constrained\" id=\"kontakt\" style=\"margin-top:0;margin-bottom:0;padding-top:var(--wp--preset--spacing--70);padding-bottom:var(--wp--preset--spacing--70)\">\n<div class=\"wp-block-media-text alignwide is-stacked-on-mobile is-image-fill-element is-style-ext-preset--media-text--natural-1--card-1 ext-animate--on has-tertiary-background-color has-background\" style=\"grid-template-columns:48% auto\"><figure class=\"wp-block-media-text__media\"><img loading=\"lazy\" decoding=\"async\" width=\"1440\" height=\"958\" src=\"https:\/\/natmartls.com.pl\/wp-content\/uploads\/2026\/04\/59615c5ac67db5aa42ae30754778536c736d71c7.jpg\" alt=\"\" class=\"wp-image-88 size-full\" style=\"object-position:50% 50%\" srcset=\"https:\/\/natmartls.com.pl\/wp-content\/uploads\/2026\/04\/59615c5ac67db5aa42ae30754778536c736d71c7.jpg 1440w, https:\/\/natmartls.com.pl\/wp-content\/uploads\/2026\/04\/59615c5ac67db5aa42ae30754778536c736d71c7-300x200.jpg 300w, https:\/\/natmartls.com.pl\/wp-content\/uploads\/2026\/04\/59615c5ac67db5aa42ae30754778536c736d71c7-1024x681.jpg 1024w, https:\/\/natmartls.com.pl\/wp-content\/uploads\/2026\/04\/59615c5ac67db5aa42ae30754778536c736d71c7-768x511.jpg 768w\" sizes=\"auto, (max-width: 1440px) 100vw, 1440px\" \/><\/figure><div class=\"wp-block-media-text__content\">\n<div class=\"wp-block-group alignwide ext-animate--on has-global-padding is-layout-constrained wp-container-core-group-is-layout-48493932 wp-block-group-is-layout-constrained\" style=\"padding-top:var(--wp--preset--spacing--55);padding-right:var(--wp--preset--spacing--55);padding-bottom:var(--wp--preset--spacing--55);padding-left:var(--wp--preset--spacing--55)\"><style id=\"wpforms-css-vars-11-block-406c62bf-d413-4f54-9e34-6ea96a36e1dd\">\n\t\t\t\t#wpforms-11.wpforms-block-406c62bf-d413-4f54-9e34-6ea96a36e1dd {\n\t\t\t\t--wpforms-field-size-input-height: 43px;\n--wpforms-field-size-input-spacing: 15px;\n--wpforms-field-size-font-size: 16px;\n--wpforms-field-size-line-height: 19px;\n--wpforms-field-size-padding-h: 14px;\n--wpforms-field-size-checkbox-size: 16px;\n--wpforms-field-size-sublabel-spacing: 5px;\n--wpforms-field-size-icon-size: 1;\n--wpforms-label-size-font-size: 16px;\n--wpforms-label-size-line-height: 19px;\n--wpforms-label-size-sublabel-font-size: 14px;\n--wpforms-label-size-sublabel-line-height: 17px;\n--wpforms-button-size-font-size: 17px;\n--wpforms-button-size-height: 41px;\n--wpforms-button-size-padding-h: 15px;\n--wpforms-button-size-margin-top: 10px;\n\t\t\t}\n\t\t\t<\/style><\/div>\n<\/div><\/div>\n<\/div>\n","protected":false},"excerpt":{"rendered":"<p>Specjalizujemy si\u0119 w transporcie ch\u0142odniczym oraz plandekowym Prezentujemy szeroki wachlarz us\u0142ug logistycznych, skupiaj\u0105c si\u0119 na profesjonalizmie i pe\u0142nej satysfakcji klienta. Transport Ch\u0142odniczy Zapewniamy bezpieczny i szybki przew\u00f3z towar\u00f3w wymagaj\u0105cych kontrolowanej temperatury. Transport Plandekowy Oferujemy elastyczne rozwi\u0105zania przewozowe dostosowane do r\u00f3\u017cnorodnych \u0142adunk\u00f3w. Obs\u0142uga Klienta Gwarantujemy profesjonalne wsparcie oraz szybki kontakt na ka\u017cdym etapie wsp\u00f3\u0142pracy. Gwarantujemy terminowy [&hellip;]<\/p>\n","protected":false},"author":1,"featured_media":0,"parent":0,"menu_order":0,"comment_status":"closed","ping_status":"closed","template":"page-with-title","meta":{"footnotes":""},"class_list":["post-69","page","type-page","status-publish","hentry"],"_links":{"self":[{"href":"https:\/\/natmartls.com.pl\/index.php?rest_route=\/wp\/v2\/pages\/69","targetHints":{"allow":["GET"]}}],"collection":[{"href":"https:\/\/natmartls.com.pl\/index.php?rest_route=\/wp\/v2\/pages"}],"about":[{"href":"https:\/\/natmartls.com.pl\/index.php?rest_route=\/wp\/v2\/types\/page"}],"author":[{"embeddable":true,"href":"https:\/\/natmartls.com.pl\/index.php?rest_route=\/wp\/v2\/users\/1"}],"replies":[{"embeddable":true,"href":"https:\/\/natmartls.com.pl\/index.php?rest_route=%2Fwp%2Fv2%2Fcomments&post=69"}],"version-history":[{"count":2,"href":"https:\/\/natmartls.com.pl\/index.php?rest_route=\/wp\/v2\/pages\/69\/revisions"}],"predecessor-version":[{"id":185,"href":"https:\/\/natmartls.com.pl\/index.php?rest_route=\/wp\/v2\/pages\/69\/revisions\/185"}],"wp:attachment":[{"href":"https:\/\/natmartls.com.pl\/index.php?rest_route=%2Fwp%2Fv2%2Fmedia&parent=69"}],"curies":[{"name":"wp","href":"https:\/\/api.w.org\/{rel}","templated":true}]}}